sor of 1 and r.
1
Suppose 3*g + 0*g = 4*f - 55, 2*f - 10 = -2*g. Suppose 0 = 2*q - 7*q + 25. What is the greatest common factor of f and q?
5
Let m be ((-6)/8)/(2/8). Let k = m + 43. Calculate the greatest common factor of k and 5.
5
Let c be (-12)/8 - 446/(-4). Suppose -5*r = 5*f - c, 5*r - f - 128 = 3*f. Calculate the highest common factor of r and 36.
12
Let u(m) = m**3 + 6*m**2 - 2*m - 2. Let x be u(-6). Let g = 198 + -118. What is the greatest common divisor of g and x?
10
Suppose -3*l + 3*j + 9 = 0, 5*j = -4*l + 5 - 2. Calculate the greatest common factor of 8 and l.
2
Let d = 6 - 2. Let u be (-84)/(-10)*(-200)/(-12). Suppose 0*q = -2*q - 3*k + 92, u = d*q - 5*k. Calculate the highest common factor of 8 and q.
8
Let u(l) = 69*l - 1. Suppose 6 - 1 = 5*y. Let v be u(y). What is the highest common factor of v and 17?
17
Let i(h) = -h**2 - 8*h - 5. Let p be i(-4). Calculate the highest common divisor of 55 and p.
11
Let b be (-1)/(1/6*-2). Suppose -m + 9 = -b*h + 2*h, -4*h + 13 = 3*m. What is the highest common divisor of 28 and m?
7
Let t(b) = -b**3 - 12*b**2 + 12*b - 9. Let v be t(-13). Suppose -2*m + r = 2*m - 14, 0 = -3*m + v*r + 17. Calculate the highest common factor of m and 2.
1
Let q(s) = -8*s - 24. Let j be q(-6). Calculate the greatest common divisor of 216 and j.
24
Let q be 21 + 1 + -2 + 3. Calculate the greatest common factor of 69 and q.
23
Let n = -65 - -129. Let h = 52 + n. What is the greatest common factor of h and 29?
29
Let h = -15 - -40. Let k = -15 + h. What is the highest common factor of 20 and k?
10
Let h(p) be the first derivative of -p**4/4 - 2*p**3/3 - p**2/2 + 3*p - 1. Let n be h(-3). Let x = n + -5. Calculate the highest common factor of 30 and x.
10
Suppose 3*m + 2*m = 3*y - 86, -m = 4*y - 130. Let z = 1 + y. Suppose 0 = -3*f - 0*f + z. What is the highest common divisor of f and 88?
11
Let a(b) = b**3 + 20*b**2 - 22*b + 34. Let p be a(-21). What is the greatest common divisor of p and 5?
5
Let u = -42 + 50. Suppose b + 3*r + 7 = 25, 3*r - 3 = 4*b. Let y(w) = -w**3 + 4*w**2 - 2*w - 1. Let c be y(b). What is the highest common divisor of c and u?
2
Let m(y) = y**3 + 25*y**2 + y + 39. Let w be m(-25). Suppose 2*i - i - 333 = -3*u, -348 = -3*u + 4*i. What is the highest common factor of u and w?
14
Suppose w + 11 = -4*f + 28, -5*w = -2*f + 3. Let z(k) = 6*k + 2 - f - 52*k. Let b be z(-2). What is the greatest common divisor of 10 and b?
10
Suppose 0 = -2*a + 4*h + 68, 5*h - 50 = -3*a + a. Suppose 600 = -0*g + 5*g. Calculate the greatest common factor of a and g.
30
Suppose 2*i = i + 2. Suppose v - 68 = -4*r, 0 = i*r + r - 2*v - 40. What is the highest common divisor of 144 and r?
16
Let l(v) = v - 13. Let o be l(19). Calculate the highest common divisor of 42 and o.
6
Let i be (3*4/48)/(3/132). Calculate the greatest common factor of i and 11.
11
Let l(a) = a**2 + 3*a + 3. Let o be l(-4). What is the greatest common divisor of o and 14?
7
Suppose -i - 5*c = -22, -24 = -2*i - i - c. Suppose p - s = i, -5*p + 7*s - 4*s = -27. Suppose p*d - 5 - 7 = 0. Calculate the highest common factor of d and 16.
4
Suppose 4*m + 4*j - 172 = 0, -5*m - j = -m - 163. Let x be -32*(1 - 0 - 2). Suppose x = -y + 92. What is the highest common divisor of m and y?
20
Let q be 36/10 + 15/(-25). Suppose 7 = -2*o + 5*b, -o + q*b - 2*b = -1. Suppose 0 = -n - o*n + 5. What is the highest common divisor of 7 and n?
1
Suppose -4*c + 42 = -3*c. Let z be c/8 + 2/(-8). Suppose 0 = -2*o + 15 + 15. What is the greatest common divisor of o and z?
5
Suppose 5*j - 98 = -28. Calculate the greatest common factor of j and 56.
14
Let m be ((-15)/(-6) - 3)*-4. Suppose -44 = -4*d + 4*z, -3*d - 3*z - m = -5. Let o be (-3)/(d/(-10))*1. What is the highest common factor of 1 and o?
1
Suppose 4*t - 152 = 3*t. Let a = 79 - 60. Calculate the highest common divisor of a and t.
19
Let c be 4/10 + 148/5. Suppose 2*u - 3*p = c, 5*u + 2*p - 33 - 4 = 0. Suppose 2 = 4*q - 2*q. What is the greatest common divisor of u and q?
1
Suppose -40 = -5*x + 5*t + 310, -3*x + 4*t + 211 = 0. Suppose x = -2*z + 5*z. Let r = -14 + z. Calculate the highest common divisor of 45 and r.
9
Suppose -4 = -3*a + 5. Suppose 5*t - i = -5*i + 104, i + 59 = a*t. Suppose -l + 38 = 5*v - 3*l, 4*v - 36 = -4*l. What is the greatest common divisor of t and v?
4
Suppose -4*i + 0*i = 16, 0 = -2*l - 3*i - 2. Suppose l*w = -87 + 387. Let f = 15 - 3. What is the highest common divisor of f and w?
12
Suppose 36 = 5*z - 104. Let m = z + -16. Calculate the highest common divisor of 108 and m.
12
Let x(r) = 3*r**2 + 7*r + 12. Let h be x(-7). What is the greatest common factor of 44 and h?
22
Suppose -7*t - 10 = -5*t, -2*i + t + 101 = 0. What is the greatest common factor of 32 and i?
16
Suppose 4*z - 68 = 4*r, -z + 5 = -2*r - 2*r. Let c be -2 - (-2)/(4/10). What is the greatest common divisor of c and z?
3
Suppose 12 = -4*p + 8*p. Suppose 0 = -2*w - 5*h - 19, -5*h + p*h = 5*w - 5. Suppose 6*a - 165 = a. Calculate the highest common divisor of a and w.
3
Let b be (-140)/(-16) + 2/8. Let t = -43 - -79. Calculate the highest common divisor of b and t.
9
Suppose -2*z + z + 3*p + 11 = 0, 3*z = 3*p + 33. Let u = -6 + 23. Let k be (1 + u)/2 + 2. Calculate the highest common factor of k and z.
11
Let v be (-2)/7 + (-1350)/(-21). Let p = 91 - v. Let k = p - 19. What is the highest common factor of 56 and k?
8
Suppose -2*r = -4 - 2. Suppose r*d - 44 = d. Suppose 69 = -3*y + 234. What is the greatest common factor of d and y?
11
Let p(q) = 5*q**3 - q**2. Let a be p(1). Suppose -2*f + 7 = -a*g + 57, -41 = -4*g + 5*f. Calculate the greatest common factor of 70 and g.
14
Let y be (4/(-10))/(2/20). Let t = y - -7. Let f be 4 + 2*(-2 + t). What is the highest common divisor of f and 12?
6
Let g be ((-6)/10)/(2/(-20)). What is the greatest common divisor of 18 and g?
6
Suppose 0 = -5*c + 6 + 9. Suppose -4*l + 450 = -2*j, 305 = c*l + 6*j - j. Calculate the greatest common divisor of l and 22.
22
Suppose 0 = -m + 9 + 9. Calculate the greatest common factor of m and 45.
9
Let j be 7*(20/(-7))/(-2). What is the greatest common divisor of 15 and j?
5
Let r be -1 + 22 + 2 + -1. Suppose 4 - 24 = -5*i. Let t be (-8)/6*(-6)/i. What is the greatest common divisor of t and r?
2
Suppose 2*z = -3*b - 2*b + 93, 2*z - 43 = 5*b. Calculate the greatest common factor of 272 and z.
34
Suppose 333 = 13*k - 564. Calculate the greatest common divisor of 23 and k.
23
Let v be (3/1)/(-2 - -3). Suppose 0 = 5*p + 25, 8*s - v*s + 5*p - 50 = 0. Let y(o) = 28*o - 9. Let z be y(3). Calculate the highest common divisor of s and z.
15
Let s = 106 - 51. Suppose 4*x + 17 = 5*d, 0*d + 2*d - 5*x = 0. What is the highest common factor of d and s?
5
Let d be 6 - (1 - (-2 - 0)). Let t = d - 0. What is the highest common divisor of 24 and t?
3
Suppose -7 = -h - 3. Suppose 2*d + 2*d + 4 = 0, 0 = h*k - d - 193. Suppose 2*g - k = -g. Calculate the highest common divisor of g and 16.
16
Let v be ((-24)/7)/(6/(-63)). Let t = v - 14. Calculate the highest common divisor of 33 and t.
11
Let b = 360 - 347. Suppose 5*z + 24 = -k, 0*k - 9 = 2*k - 3*z. Let u = 4 - k. What is the highest common divisor of u and b?
13
Let j be ((-51)/(-5) - 1)*10. Calculate the greatest common divisor of j and 23.
23
Let c = -1 + 6. Suppose 0 = -3*d + d - 3*w + 28, c*w - 4 = 2*d. What is the greatest common factor of 32 and d?
8
Let l(t) = t**3 + 18*t**2 + 18*t + 18. Let g be l(-17). What is the greatest common factor of g and 7?
1
Suppose 1 - 9 = -2*x. Calculate the highest common divisor of x and 44.
4
Suppose 5 = -2*q + 29. Let x(w) = 5*w**3 + w. Let v be x(-1). Let n(l) = -2*l - 6. Let d be n(v). What is the highest common divisor of q and d?
6
Let a be 10/(-15)*(-81)/2. Let p = 38 - a. Let i(z) = -18*z + 5. Let t be i(-4). What is the greatest common factor of t and p?
11
Let d be (-30)/(-4) + (-2)/(-4). Suppose a = -a - 24. Let w = 28 + a. Calculate the highest common factor of d and w.
8
Let a = -23 + 31. Suppose -2*k = -44 + 4. What is the greatest common divisor of k and a?
4
Suppose -4*l + 3*x + 144 = -403, -5*l + 660 = x. Let a = l + 47. What is the highest common divisor of 72 and a?
36
Suppose -4*x + 376 = 3*c, -3*c + 250 = -c + 3*x. Calculate the greatest common divisor of c an